25 - -21 - (12 - 22).
6
35 + -17 - (13 + 13)
-8
What is 57 + -47 + 4 + -19?
-5
Calculate -12 + (25 - 4) + 10.
19
What is 12 + -17 - (-13 - -5 - -5)?
-2
-4 + 0 + -22 + 38 + -22 + -13
-23
What is the value of (1 - (-24 + -1)) + 25 + (86 - 116)?
21
-15 + 4 + (74 - 43) + -1 + 3
22
What is (9 - 0) + (66 + 25 - 74)?
26
Evaluate 2 - (28 - 10) - (-4 - 2).
-10
Calculate -7 + (1 - 14 - 13 - -8).
-25
What is the value of 1 + 1 - ((3 - 4) + -2 + -12)?
17
Calculate 18 - (-24 - (-69 + 17)).
-10
(-2 - 3 - -4) + -2 + (0 - 4)
-7
What is 13 + 2 - (207 - 185)?
-7
-1 - 5 - (7 + 5 + -4)
-14
Calculate 5 - 1 - (59 - 4 - 44).
-7
What is (48 - 45) + 26 + -27?
2
Evaluate 10 - (24 + -5 + -17).
8
-15 + 0 - (12 - (10 + 13 + -7))
-11
Calculate 5 + 1 - (8 - -4) - (-18 - -6).
6
What is the value of 26 + -27 + 20 + -6?
13
Calculate -41 + 30 + 35 + 0 + -12.
12
What is the value of 16 + -30 + -6 - -31?
11
18 - ((5 + -9 - -6) + 6)
10
What is the value of -27 - -41 - 14 - (-9 - 1)?
10
What is the value of (-3 - 0) + -126 + 121 + -14?
-22
What is the value of -23 - (19 - 60) - 1?
17
Calculate -3 - (1 - 13) - (18 - 17) - 8.
0
Calculate 10 - (2 - (-5 + (3 + -2 - 1))).
3
What is the value of 0 - -8 - (1 - (3 + -4))?
6
What is 1 - 15 - (-19 - (0 + -8))?
-3
Calculate -27 + (-15 - -17 - -4) + 0.
-21
Evaluate 26 + (-1 + 2 - (4 - -3 - -4)).
16
What is the value of 9 - (-6 + -6 + 6) - 26?
-11
Calculate (8 + 6 + -24 - -13 - 8) + -17.
-22
Calculate (-1 - (23 + -2)) + 34.
12
Calculate -2 + (22 - 13) + -4.
3
What is -19 + (15 - -1 - -19)?
16
What is (-606 - -603) + -5 + -2 + 2?
-8
Evaluate 1 + -9 - -4 - (-27 + 34).
-11
What is the value of -10 - ((1 - 5) + (2 - (-2 - -5)))?
-5
-21 + -4 + 3 + 17
-5
-78 - -98 - (-10 + 15)
15
What is the value of -454 - -432 - (1 - 21)?
-2
Evaluate 3 + (9 - (9 - 10)).
13
What is the value of (0 - 0 - (-79 + 98)) + 2 + 2?
-15
22 + -28 + 1 + 24
19
(-16 - -20) + 12 + -24
-8
Calculate -20 + -6 + (4 - -9).
-13
Calculate 10 + (60 - 32) + -14.
24
-12 - -9 - (58 - 86)
25
Evaluate -3 + -23 + 16 + 49 + -10.
29
Evaluate (4 - 0) + 1 + (7 - 12).
0
(1 - 2 - 0) + -18 + 23
4
Evaluate 3 + 4 - (-10 - (-16 - (-6 + 11))).
-4
-9 + (7 - (-1 + -6 + -3))
8
What is the value of (-41 - -36) + (4 - 2) + -16?
-19
What is the value of 3 + (7 - -1 - 1) + -287 + 287?
10
What is -6 - 1 - (5 + -11)?
-1
What is the value of (6 - 13) + 5 + -6 + 0?
-8
What is the value of -8 + (8 - -9) + -9 + -6 - -3?
-3
Calculate -6 + 23 + -14 - 3.
0
Evaluate -22 - (-15 - -5 - ((0 - 4) + 4)).
-12
What is the value of 21 - (-5 + 5 + 5)?
16
Calculate 10 + -31 + 18 + (-1 - 5).
-9
Calculate -15 + (-2 - -21) + -22.
-18
What is 38 + -33 + 5 - (21 - -1)?
-12
-18 + (11 - (-1 - 18))
12
Calculate (2 + (-2 - 1) - 19) + (516 - 512).
-16
Calculate -4 + (-15 + 14 - -21).
16
What is the value of (-39 - (-12 + -21)) + (-2 - -2 - -7)?
1
-14 + (-10 - -10) + -28 + 16
-26
Calculate -71 + 1 - (-3 + -29).
-38
Evaluate 9 - (19 + -12 + 3).
-1
Calculate 1 + 19 + -2 - (401 - 398).
15
Calculate 36 + (20 + -54 - -3).
5
(0 - 19 - 0) + 2 - (70 - 78)
-9
Calculate -6 + 5 + -1 - (11 - 0).
-13
Evaluate 33 - (-28 + (30 - -9)).
22
What is (19 - 0) + 0 + (-1 - 0) + -6?
12
Evaluate 30 + -9 + -14 + 8 + 1.
16
Calculate -10 - (-5 - -2 - (17 - 21)).
-11
Calculate 10 + 0 + (-47 + 49 - -9) - 1.
20
Evaluate (-223 - -208) + 17 + -2.
0
-14 + 35 + (0 - -1)
22
What is the value of (1 - (-11 + 6)) + (1 - 7 - -3)?
3
Calculate -2 + (8 - -2 - -6).
14
Calculate 23 + 13 + -22 + (19 - (1 - -7)).
25
What is the value of 3 + -2 + (18 + -16 - -8)?
11
Calculate 24 + -13 - (2 - (1 + (-2 - 1))).
7
Evaluate 22 + (-17 + 4 + 3 - (-4 + -1)).
17
What is (3 - 2) + -14 + 4 + 14?
5
5 + 0 + (126 - 109)
22
11 - (-10 + -1 - (-91 - -83) - 1)
15
5 + (-39 - ((-3 - 5) + 2) - -2)
-26
Calculate -5 + 4 + (7 - (5 + (8 - 6))).
-1
Evaluate 2 + -3 - (-25 - (34 - 61)).
-3
What is the value of (26 - 1) + -20 + 3?
8
What is the value of -25 + 7 + 4 - -21?
7
Evaluate 4 + (58 - 67) + (0 - 1).
-6
6 - (12 + (-9 - -5))
-2
What is the value of 10 + -15 + 5 + 2?
2
-7 + 14 + -10 - (-22 + 4)
15
Evaluate -26 - (20 - (0 + 44)).
-2
What is 15 + 15 + -4 - 6?
20
What is the value of 10 + -3 + -8 + -11?
-12
What is the value of -7 + 1 + (6 + -7 - (2 + -1))?
-8
Calculate (26 - 19) + -13 + -4.
-10
Calculate -49 - (20 + -32) - -31.
-6
What is the value of (-35 - -28) + -2 + 1?
-8
What is the value of 19 - (-13 - (10 + (0 - 7) + -10))?
25
What is the value of 8 + 1 + -1 - (257 + -243)?
-6
Evaluate 11 + 1 - (23 - (21 - 6)).
4
Calculate -9 + (-1 + 2 - 1) + 974 + -969.
-4
44 + 10 + -30 + -16
8
(-5 - 0) + 118 + -103 - 12
-2
What is the value of 11 - (-3 - -1 - (21 - 17)) - 7?
10
What is -11 + 22 + -9 + (-1 - (2 + 3))?
-4
Evaluate -34 - -45 - (-2 + 0).
13
What is (-71 - -80 - (16 + 0)) + (-4 - -23)?
12
What is 8 + -1 + 0 - (0 - (1 + 2))?
10
Calculate (-3 + -21 + 9 - -1) + 12.
-2
Calculate (5 - -28) + (-9 - -20) + -8 + -1.
35
Calculate (11 - 7) + -3 + 11 - -5.
17
What is the value of 7 + (10 + -23 + -7 - -13)?
0
Calculate 27 + -28 - ((-4 - -4) + -11).
10
What is the value of -7 - -2 - (-1 + -2 + (10 - 2))?
-10
(19 + -26 - -2) + -4
-9
What is (-3 - (-4 + -6)) + -18 + 6 + 23?
18
Evaluate -196 - -182 - (0 + -6 + 1).
-9
Evaluate -9 + (44 - 3) - (0 - -9).
23
What is -2 + -3 + (5 - (-12 + (-2 - -6)))?
8
Calculate 18 + (-30 - -68) + -29.
27
Evaluate -9 - (-6 - 6) - (-1 - (3 + -20)).
-13
-1 - -2 - ((43 - 35) + -19)
12
Calculate -40 - (7 + -49 + -34).
36
Calculate -16 - ((2 + 1 - (51 - 55)) + -14).
-9
Calculate -12 + 8 + 7 - (-15 - -1).
17
What is 7 + (6 - 13) - -23?
23
-44 - -48 - (1 + -2)
5
What is the value of -8 + 0 + 5 + 16 + -17?
-4
Calculate (-3 - 13) + 16 + (2 - 0) + 11.
13
Evaluate 1 - (8 - (-7 - -4 - -25)).
15
Evaluate 9 + 2 + -6 + -2 + 1.
4
Calculate -12 - (-8 + -1 - (-7 + 1 + 2)).
-7
What is the value of (-17 + 21 - -1) + (0 - 21) + 6?
-10
Calculate 0 + -22 + (-28 - -59 - 24).
-15
What is the value of -2 - (-2 - 7 - (11 + -9))?
9
What is 3 + -3 + (-1 - -8) + 3 - 3?
7
What is 13 - (16 + -17 - -8)?
6
-14 - ((-3 - 2 - 3) + 7 + -7)
-6
What is the value of 32 - (22 + -26 + 22)?
14
What is the value of 2 + 2 + (-134 - -121) + -11?
-20
Evaluate -479 + 497 - (-1 - -8).
11
Calculate 4 + -2 + 21 - 10.
13
What is the value of 31 + (-16 - 11) - (0 + -14)?
18
(42 - (18 - 0)) + 6 + 1
31
Calculate -11 - (-22 + 25 + 0).
-14
(32 - (31 + -26)) + 1
28
Calculate -6 + 0 + (6 - (8 + -7)).
-1
What is (10 - (6 - -4 - 0)) + (0 - 2)?
-2
What is -3 - 0 - (-16 - (18 + -29)) - 16?
-14
Evaluate -16 - (-9 - (19 - 9)).
3
What is -1 + -1 - (-105 + 99)?
4
-614 - -620 - (6 + -1)
1
What is 3 + (-15 - -10) + -18?
-20
What is the value of -3 - (-15 + -40 + 48)?
4
What is the value of 6 + -6 + -1 + 27 + -29?
-3
What is the value of -2 - -2 - -6 - (-43 + 46) - 1?
2
1 - (9 + (-9 - (11 + -6)))
6
1 + -22 - (73 - 80) - (0 + -4)
-10
Evaluate (-1 + (-5 - -5) - -3) + (-1 - 2).
-1
Calculate 16 + -10 + 5 + -26.
-15
What is 2 + 4 - (1 + 3 + 1)?
1
(22 - (-7 + 13)) + (1 - 3)
14
What is (-26 - (-37 + -17)) + -52?
-24
Calculate 1 + 52 + 301 + -318 + -10 + 2.
28
Evaluate -12 - (-8 - (13 + -11)).
-2
What is (-8 - (1 - 8)) + (-74 - -57)?
-18
Evaluate 59 + -39 + -27 + -1.
-8
6 - (-1 + -2) - (22 + -33 + 20)
0
What is the value of -11 - (-2 + -5 - (-9 + 8))?
-5
Calculate 34 - 21 - (4 - 2).
11
5 + -16 + 5 - -2 - (-12 + 8)
0
What is -4 + 27 + -2 + 5 - 11?
15
What is the value of 8 + (-18 + 36 - 35)?
-9
Evaluate 432 + -416 - (6 - -1) - (-1 + -10).
20
What is -18 + (-23 - -42) - 29?
-28
Evaluate -14 + (26 - -12 - 34).
-10
Evaluate 36 + -31 + (-9 + -2 - -5) - 2.
-3
What is 16 - (-12 - -11) - (-18 - -10)?
25
What is the value of -11 - ((8 - (-2 + 7)) + -3)?
-11
Evaluate (-48 + 53 - (13 - 0)) + (-3 - -2).
-9
-1 + 13 + -11 - 0
1
What is the value of -2 + 5 + -1 + -9 - (5 + 1)?
-13
What is (11 - 5) + -6 + (3 - 11)?
-8
What is 19 + (19 + -43 - -5)?
0
Calculate 13 - ((3 + 15 - -9) + 8).
-22
Calculate -3 - (-8 + (-5 - (-4 - 7)) - 0).
-1
Calculate 18 - 29 - 21 - -19.
-13
What is the value of 12 - (40 - 18) - -22?
12
8 + (-19 - -14) - (8 + -8)
3
Calculate -3 - (-3 + (2 - 1) - (196 + -191)).
4
What is the value of (-43 - -49) + (0 - 2)?
4
What is -1 + -15 - -15 - -9?
8
What is the value of -20 + (-2 - -4) - -27?
9
Evaluate 3 + (5 + (-9 - -6) - 11).
-6
Evaluate (-5 - -9 - -3 - -38) + -19.
2